4 is divided by 819?
818
Calculate the remainder when 18891 is divided by 62.
43
What is the remainder when 469434 is divided by 16?
10
Calculate the remainder when 190708 is divided by 149.
137
Calculate the remainder when 703 is divided by 261.
181
Calculate the remainder when 1288 is divided by 273.
196
Calculate the remainder when 18926 is divided by 114.
2
What is the remainder when 17567 is divided by 71?
30
What is the remainder when 2869 is divided by 357?
13
What is the remainder when 420590 is divided by 1084?
1082
What is the remainder when 5722 is divided by 65?
2
Calculate the remainder when 11047 is divided by 66.
25
What is the remainder when 50504 is divided by 124?
36
What is the remainder when 58740 is divided by 107?
104
What is the remainder when 7337 is divided by 6578?
759
What is the remainder when 14166 is divided by 31?
30
What is the remainder when 574309 is divided by 22?
21
What is the remainder when 315 is divided by 124?
67
What is the remainder when 30028 is divided by 468?
76
Calculate the remainder when 5777 is divided by 51.
14
What is the remainder when 37812 is divided by 81?
66
What is the remainder when 3215 is divided by 1478?
259
Calculate the remainder when 4848 is divided by 21.
18
What is the remainder when 2149 is divided by 52?
17
Calculate the remainder when 8400 is divided by 3954.
492
Calculate the remainder when 2709 is divided by 253.
179
What is the remainder when 5832 is divided by 1441?
68
What is the remainder when 5061 is divided by 435?
276
Calculate the remainder when 83810 is divided by 83796.
14
What is the remainder when 15932 is divided by 15?
2
What is the remainder when 137072 is divided by 137070?
2
Calculate the remainder when 10954 is divided by 322.
6
What is the remainder when 3294 is divided by 1635?
24
What is the remainder when 66649 is divided by 21?
16
What is the remainder when 9349 is divided by 3091?
76
What is the remainder when 663 is divided by 49?
26
Calculate the remainder when 83004 is divided by 65.
64
Calculate the remainder when 70432 is divided by 273.
271
What is the remainder when 22672 is divided by 2834?
0
What is the remainder when 23947 is divided by 263?
14
Calculate the remainder when 102524 is divided by 576.
572
Calculate the remainder when 20190 is divided by 483.
387
What is the remainder when 2611795 is divided by 58?
55
Calculate the remainder when 124858 is divided by 275.
8
Calculate the remainder when 194481 is divided by 135.
81
What is the remainder when 5201 is divided by 1294?
25
What is the remainder when 2075 is divided by 558?
401
What is the remainder when 1470823 is divided by 135?
133
Calculate the remainder when 2577769 is divided by 593.
591
What is the remainder when 244437 is divided by 40?
37
What is the remainder when 5116 is divided by 69?
10
Calculate the remainder when 3464 is divided by 994.
482
Calculate the remainder when 100196 is divided by 17.
15
Calculate the remainder when 21450 is divided by 5348.
58
Calculate the remainder when 67892 is divided by 207.
203
What is the remainder when 1057920 is divided by 183?
180
Calculate the remainder when 5382 is divided by 5372.
10
Calculate the remainder when 231242 is divided by 65.
37
Calculate the remainder when 4829 is divided by 129.
56
What is the remainder when 68368 is divided by 22?
14
Calculate the remainder when 165425 is divided by 237.
236
What is the remainder when 1746342 is divided by 5?
2
Calculate the remainder when 184879 is divided by 62.
57
What is the remainder when 66817 is divided by 95?
32
Calculate the remainder when 1050 is divided by 205.
25
What is the remainder when 3331 is divided by 1181?
969
Calculate the remainder when 3745 is divided by 41.
14
Calculate the remainder when 7519 is divided by 342.
337
Calculate the remainder when 166893 is divided by 100.
93
Calculate the remainder when 36596 is divided by 1445.
471
Calculate the remainder when 3205 is divided by 626.
75
What is the remainder when 15411 is divided by 376?
371
Calculate the remainder when 352 is divided by 238.
114
Calculate the remainder when 9781 is divided by 8.
5
Calculate the remainder when 5742 is divided by 1423.
50
What is the remainder when 164094 is divided by 887?
886
Calculate the remainder when 58941 is divided by 214.
91
Calculate the remainder when 876104 is divided by 1529.
1516
What is the remainder when 21700 is divided by 380?
40
What is the remainder when 575064 is divided by 117?
9
What is the remainder when 27010 is divided by 474?
466
What is the remainder when 151764 is divided by 189?
186
What is the remainder when 44696 is divided by 228?
8
What is the remainder when 21944 is divided by 57?
56
What is the remainder when 1034 is divided by 760?
274
What is the remainder when 1650 is divided by 9?
3
What is the remainder when 1005 is divided by 78?
69
Calculate the remainder when 98489 is divided by 32829.
2
What is the remainder when 61113 is divided by 664?
25
What is the remainder when 4988 is divided by 715?
698
What is the remainder when 110818 is divided by 65?
58
Calculate the remainder when 903 is divided by 49.
21
Calculate the remainder when 32595 is divided by 586.
365
Calculate the remainder when 33539 is divided by 818.
1
What is the remainder when 1000179 is divided by 1134?
1125
What is the remainder when 16700 is divided by 12?
8
Calculate the remainder when 283358 is divided by 21796.
10
What is the remainder when 5169 is divided by 184?
17
What is the remainder when 13124 is divided by 6553?
18
Calculate the remainder when 435123 is divided by 94.
91
Calculate the remainder when 88799 is divided by 2018.
7
Calculate the remainder when 81926 is divided by 3561.
23
What is the remainder when 91208 is divided by 5?
3
What is the remainder when 4772 is divided by 419?
163
Calculate the remainder when 8626 is divided by 96.
82
What is the remainder when 4948 is divided by 68?
52
What is the remainder when 116 is divided by 2?
0
Calculate the remainder when 44512 is divided by 5.
2
What is the remainder when 1115 is divided by 353?
56
What is the remainder when 3754 is divided by 1832?
90
What is the remainder when 75497 is divided by 1258?
17
Calculate the remainder when 16446 is divided by 143.
1
Calculate the remainder when 60657 is divided by 7581.
9
Calculate the remainder when 5541 is divided by 1301.
337
Calculate the remainder when 38729 is divided by 42.
5
What is the remainder when 148349 is divided by 74168?
13
Calculate the remainder when 31948 is divided by 1029.
49
What is the remainder when 2818 is divided by 2477?
341
Calculate the remainder when 2579217 is divided by 890.
887
Calculate the remainder when 529 is divided by 527.
2
Calculate the remainder when 9741 is divided by 84.
81
Calculate the remainder when 694 is divided by 357.
337
Calculate the remainder when 1543 is divided by 158.
121
What is the remainder when 797983 is divided by 9?
7
What is the remainder when 230 is divided by 99?
32
What is the remainder when 5517 is divided by 42?
15
What is the remainder when 126742 is divided by 185?
17
What is the remainder when 7367 is divided by 3674?
19
Calculate the remainder when 15959 is divided by 990.
119
What is the remainder when 118791 is divided by 411?
12
Calculate the remainder when 97189 is divided by 133.
99
Calculate the remainder when 127890 is divided by 141.
3
Calculate the remainder when 9021 is divided by 1132.
1097
What is the remainder when 8756 is divided by 56?
20
What is the remainder when 4945 is divided by 2286?
373
What is the remainder when 442115 is divided by 6?
5
Calculate the remainder when 190396 is divided by 476.
472
Calculate the remainder when 1179 is divided by 362.
93
What is the remainder when 763 is divided by 339?
85
Calculate the remainder when 44124 is divided by 14.
10
What is the remainder when 2275 is divided by 30?
25
What is the remainder when 55572 is divided by 27778?
16
Calculate the remainder when 132834 is divided by 26566.
4
Calculate the remainder when 35108 is divided by 8776.
4
Calculate the remainder when 12550 is divided by 1246.
90
What is the remainder when 83454 is divided by 16?
14
Calculate the remainder when 1198 is divided by 40.
38
What is the remain